{"id":14,"date":"2019-05-17T07:41:46","date_gmt":"2019-05-17T07:41:46","guid":{"rendered":"https:\/\/themerain.com\/demo\/etc\/?page_id=14"},"modified":"2022-04-21T07:44:44","modified_gmt":"2022-04-21T07:44:44","slug":"about-team","status":"publish","type":"page","link":"https:\/\/inexsistens.com\/index.php\/about-team\/","title":{"rendered":"INX Team"},"content":{"rendered":"\n<div class=\"wp-block-columns has-2-columns\">\n<div class=\"wp-block-column\">\n<p>We have the technological research, academic and production experience in the scope of specifying, implementing and displaying XR \/ VR \/ AV  projects.  We are artists exploring new areas of modern aesthetics, digital media and immersion projects.<\/p>\n<\/div>\n<\/div>\n\n\n\n<div class=\"wp-block-columns\">\n<div class=\"wp-block-column\" style=\"flex-basis:100%\">\n<div class=\"wp-container-2 wp-block-group\"><div class=\"wp-block-group__inner-container\">\n<div class=\"wp-block-columns\">\n<div class=\"wp-block-column\">\n<figure class=\"wp-block-image size-large\"><img loading=\"lazy\" width=\"1024\" height=\"1024\" src=\"https:\/\/inexsistens.com\/wp-content\/uploads\/2021\/03\/RND0004-1024x1024.jpg\" alt=\"\" class=\"wp-image-854\" srcset=\"https:\/\/inexsistens.com\/wp-content\/uploads\/2021\/03\/RND0004-1024x1024.jpg 1024w, https:\/\/inexsistens.com\/wp-content\/uploads\/2021\/03\/RND0004-300x300.jpg 300w, https:\/\/inexsistens.com\/wp-content\/uploads\/2021\/03\/RND0004-150x150.jpg 150w, https:\/\/inexsistens.com\/wp-content\/uploads\/2021\/03\/RND0004-768x768.jpg 768w, https:\/\/inexsistens.com\/wp-content\/uploads\/2021\/03\/RND0004-1536x1536.jpg 1536w, https:\/\/inexsistens.com\/wp-content\/uploads\/2021\/03\/RND0004-2048x2048.jpg 2048w\" sizes=\"(max-width: 1024px) 100vw, 1024px\" \/><\/figure>\n<\/div>\n\n\n\n<div class=\"wp-block-column\">\n<figure class=\"wp-block-image size-large\"><img loading=\"lazy\" width=\"756\" height=\"760\" src=\"https:\/\/inexsistens.com\/wp-content\/uploads\/2021\/03\/4x3-768x1024-copy.jpg\" alt=\"\" class=\"wp-image-855\" srcset=\"https:\/\/inexsistens.com\/wp-content\/uploads\/2021\/03\/4x3-768x1024-copy.jpg 756w, https:\/\/inexsistens.com\/wp-content\/uploads\/2021\/03\/4x3-768x1024-copy-298x300.jpg 298w, https:\/\/inexsistens.com\/wp-content\/uploads\/2021\/03\/4x3-768x1024-copy-150x150.jpg 150w\" sizes=\"(max-width: 756px) 100vw, 756px\" \/><\/figure>\n<\/div>\n\n\n\n<div class=\"wp-block-column\">\n<div class=\"wp-container-1 wp-block-group\"><div class=\"wp-block-group__inner-container\">\n<figure class=\"wp-block-image size-large\"><img loading=\"lazy\" width=\"1024\" height=\"1024\" src=\"https:\/\/inexsistens.com\/wp-content\/uploads\/2021\/03\/104018742_745509449588901_4045610453786839967_n-1024x1024-1.jpg\" alt=\"\" class=\"wp-image-856\" srcset=\"https:\/\/inexsistens.com\/wp-content\/uploads\/2021\/03\/104018742_745509449588901_4045610453786839967_n-1024x1024-1.jpg 1024w, https:\/\/inexsistens.com\/wp-content\/uploads\/2021\/03\/104018742_745509449588901_4045610453786839967_n-1024x1024-1-300x300.jpg 300w, https:\/\/inexsistens.com\/wp-content\/uploads\/2021\/03\/104018742_745509449588901_4045610453786839967_n-1024x1024-1-150x150.jpg 150w, https:\/\/inexsistens.com\/wp-content\/uploads\/2021\/03\/104018742_745509449588901_4045610453786839967_n-1024x1024-1-768x768.jpg 768w\" sizes=\"(max-width: 1024px) 100vw, 1024px\" \/><\/figure>\n<\/div><\/div>\n<\/div>\n<\/div>\n<\/div><\/div>\n<\/div>\n<\/div>\n\n\n\n\n\n<div class=\"wp-block-columns\">\n<div class=\"wp-block-column\">\n<p>Jakub Wr\u00f3blewski \u2013 an interdisciplinary artist, director and dop. He works in video, interactive film, audiovisual narrative, film theory, graphic narrative structures, immersion activities and art-and-science projects. After 2017, his interests have oscillated around virtual reality, game engines, experiments with 3D technology and the issue of embodiment. He is currently working on A Rudimentary and Practical Treatise on the Embodiment for Beginners. A holder of postdoctoral degree, working at his alma mater as a professor at the Faculty of Media Art; head of degree Studio of 3D and Virtual Events II. Scholarship holder of Young Poland programme (National Centre for Culture), tutor in the Gaude Polonia (NCC) programme.<\/p>\n<p>\u00a0<\/p>\n<\/div>\n\n\n\n<div class=\"wp-block-column\">\n<p>Przemys\u0142aw Danowski \u2013 graduate of Fryderyk Chopin Music Academy. For over 10 years a lecturer at the Multimedia Art Creation Studio run jointly by the Academy of Fine Arts and the Fryderyk Chopin University of Music. He deals with sound in interactive and multimedia form. A sound creator and a composer of music for computer games, theatre performances, film and multimedia. Musician multi-instrumentalist, music producer and DJ. Assistant at the Faculty of Sound Engineering of the Fryderyk Chopin University of Music, Sound design consultant in Visual Narratives Laboratory (vnLab) at \u0141\u00f3d\u017a Film School. Creator and curator of permanent VR projection exposition \u2013 UMFC VR. Currently, he is working on a doctoral dissertation on the subject of sound design in 3D space.<\/p>\n<\/div>\n\n\n\n<div class=\"wp-block-column\">\n<p>Andrei Isakov \u2013 graduate of Media Art at the Academy of Fine Arts in Warsaw. As a student he conducted research on the status of computer games in contemporary art. He established and headed Animagica student research group, running classes in 3D modelling, rendering and animation using a wide range of tools, e.g. kinect motion capture. He completed the Game Dev School training in Warsaw, gaining computer gaming sector competences, from planning and developing a budget to execution. He is currently assistant and lecturer at the Faculty of Media Art of the Academy of Fine Arts in Warsaw. He runs classes in 3D graphics, modelling, animation and virtual reality.<\/p>\n<\/div>\n<\/div>\n\n\n\n<p><\/p>\n\n\n\n<div class=\"wp-container-3 wp-block-group\"><div class=\"wp-block-group__inner-container\">\n<div class=\"wp-block-columns\"><\/div>\n<\/div><\/div>\n\n\n\n<p><\/p>\n","protected":false},"excerpt":{"rendered":"<p>We have the technological research, academic and production experience in the scope<\/p>\n","protected":false},"author":2,"featured_media":0,"parent":0,"menu_order":0,"comment_status":"closed","ping_status":"closed","template":"","meta":[],"_links":{"self":[{"href":"https:\/\/inexsistens.com\/index.php\/wp-json\/wp\/v2\/pages\/14"}],"collection":[{"href":"https:\/\/inexsistens.com\/index.php\/wp-json\/wp\/v2\/pages"}],"about":[{"href":"https:\/\/inexsistens.com\/index.php\/wp-json\/wp\/v2\/types\/page"}],"author":[{"embeddable":true,"href":"https:\/\/inexsistens.com\/index.php\/wp-json\/wp\/v2\/users\/2"}],"replies":[{"embeddable":true,"href":"https:\/\/inexsistens.com\/index.php\/wp-json\/wp\/v2\/comments?post=14"}],"version-history":[{"count":16,"href":"https:\/\/inexsistens.com\/index.php\/wp-json\/wp\/v2\/pages\/14\/revisions"}],"predecessor-version":[{"id":1511,"href":"https:\/\/inexsistens.com\/index.php\/wp-json\/wp\/v2\/pages\/14\/revisions\/1511"}],"wp:attachment":[{"href":"https:\/\/inexsistens.com\/index.php\/wp-json\/wp\/v2\/media?parent=14"}],"curies":[{"name":"wp","href":"https:\/\/api.w.org\/{rel}","templated":true}]}}